ghest common factor of 90612 and 444.
12
Calculate the highest common divisor of 40766 and 9691190.
3706
What is the highest common divisor of 21567 and 45404697?
3081
What is the highest common divisor of 106 and 13318?
2
Calculate the highest common factor of 31685633 and 32123.
2471
What is the greatest common factor of 6812 and 11791048?
524
Calculate the highest common factor of 202544 and 9136.
16
Calculate the greatest common factor of 52094 and 551742438.
7442
What is the highest common factor of 9071 and 25333?
47
What is the greatest common factor of 731 and 223729?
43
What is the greatest common divisor of 558933961 and 1277?
1277
Calculate the greatest common divisor of 7154823 and 12.
3
Calculate the highest common factor of 16692137 and 231.
77
What is the highest common factor of 24224924 and 76?
76
What is the greatest common factor of 21489416 and 416?
104
Calculate the greatest common factor of 7503 and 14775786.
183
What is the highest common divisor of 32542829 and 214049?
7381
Calculate the highest common factor of 102040 and 50310.
10
What is the greatest common divisor of 4684430 and 73390?
1790
What is the highest common divisor of 283 and 202397355?
283
Calculate the greatest common factor of 75586 and 28792867.
5399
What is the greatest common divisor of 248254 and 2850?
38
Calculate the greatest common divisor of 1174458844 and 758.
758
Calculate the greatest common divisor of 20272582 and 3344.
418
Calculate the highest common factor of 531 and 558859269.
177
What is the greatest common divisor of 888 and 5589368?
296
Calculate the highest common divisor of 1113287 and 46943.
157
What is the highest common divisor of 519049 and 126764?
67
Calculate the highest common divisor of 57444728 and 10318.
1474
Calculate the greatest common divisor of 37262478 and 4070.
814
What is the highest common factor of 1863149 and 544?
17
What is the greatest common factor of 508861648 and 608?
304
Calculate the highest common factor of 948427356 and 276.
276
Calculate the greatest common factor of 2 and 104952854.
2
What is the greatest common factor of 4112 and 4546816?
16
What is the greatest common factor of 8471151 and 34918?
221
What is the greatest common divisor of 1971 and 5868981?
657
What is the highest common factor of 2 and 4532471?
1
Calculate the greatest common factor of 21430236 and 48.
12
Calculate the highest common factor of 118710 and 13718919.
3957
What is the greatest common divisor of 333152 and 4147?
29
Calculate the highest common divisor of 710244752 and 42.
14
Calculate the highest common divisor of 530 and 76149340.
530
What is the greatest common factor of 153 and 1149455646?
153
Calculate the greatest common divisor of 111818 and 372292.
326
What is the highest common factor of 250766196 and 344?
172
What is the greatest common divisor of 131851 and 649241?
1669
What is the greatest common factor of 889 and 2057888315?
889
What is the highest common factor of 24190902 and 4674?
246
What is the greatest common divisor of 10 and 33483610?
10
Calculate the highest common factor of 8075 and 1630300.
425
Calculate the greatest common factor of 2469 and 122469807.
2469
What is the highest common factor of 150 and 191394870?
30
What is the greatest common factor of 110 and 734131530?
110
Calculate the highest common factor of 172 and 37871820.
172
Calculate the highest common divisor of 16745 and 13510.
5
What is the greatest common divisor of 41937 and 518411215?
13979
Calculate the greatest common factor of 234396 and 5508.
612
What is the greatest common divisor of 95755 and 110?
55
What is the highest common factor of 106643 and 46483?
47
What is the highest common divisor of 341632876 and 696?
116
Calculate the greatest common divisor of 21726 and 3998720.
142
Calculate the highest common divisor of 14870090 and 80.
10
What is the highest common divisor of 168811846 and 266?
266
Calculate the highest common factor of 7362 and 3490406.
818
Calculate the highest common factor of 2264 and 88814456.
2264
Calculate the greatest common divisor of 1579031489 and 322.
161
What is the highest common divisor of 425721310 and 5066?
5066
What is the greatest common divisor of 3060 and 16098660?
3060
What is the greatest common divisor of 209648 and 2680?
8
Calculate the greatest common divisor of 14386251 and 44.
11
What is the greatest common divisor of 90290122 and 2522?
2522
What is the highest common divisor of 2754824 and 6?
2
What is the greatest common divisor of 114787 and 341455?
1453
What is the highest common divisor of 11770882 and 6846?
326
Calculate the highest common divisor of 10908 and 3011517.
909
Calculate the highest common divisor of 3342 and 2048.
2
What is the highest common divisor of 83838 and 75046314?
942
Calculate the greatest common divisor of 32 and 485136032.
32
Calculate the greatest common factor of 422127 and 17274006.
4743
What is the highest common divisor of 207527 and 17097?
139
Calculate the highest common factor of 4192 and 1467724.
524
Calculate the highest common factor of 3551542 and 697718.
5246
What is the highest common factor of 10 and 620551370?
10
Calculate the highest common divisor of 2722144 and 15934.
514
Calculate the greatest common factor of 186230316 and 3660.
732
What is the highest common factor of 122 and 43927869?
61
Calculate the highest common factor of 395 and 7749979.
79
Calculate the highest common divisor of 5243975 and 1700.
25
Calculate the greatest common divisor of 268 and 296082.
2
Calculate the greatest common factor of 18774006 and 19581.
321
What is the highest common factor of 637418157 and 9642?
4821
Calculate the greatest common divisor of 13478043 and 4.
1
Calculate the greatest common divisor of 1906 and 1338458957.
953
Calculate the greatest common factor of 32 and 64582504.
8
What is the highest common divisor of 1282034 and 2626?
26
What is the greatest common factor of 167255058 and 6?
6
What is the highest common factor of 388786839 and 21?
21
What is the greatest common divisor of 4379 and 330600?
29
Calculate the greatest common divisor of 48 and 822084.
12
What is the greatest common divisor of 5642 and 2411864?
182
What is the greatest common factor of 235 and 79007?
47
Calculate the highest common divisor of 18647 and 1583709.
643
Calculate the highest common divisor of 3725 and 265085155.
745
What is the highest common divisor of 10479960 and 17200?
1720
What is the highest common divisor of 1131 and 4755309?
39
Calculate the highest common divisor of 22285 and 136.
1
Calculate the highest common factor of 8870 and 40878282.
1774
What is the greatest common divisor of 65249 and 7739?
71
What is the greatest common factor of 48635945 and 370?
185
What is the greatest common divisor of 764 and 7695008?
764
What is the highest common factor of 1946 and 144242?
14
What is the highest common divisor of 32615308 and 220?
44
Calculate the highest common factor of 3836 and 22991066.
1918
Calculate the greatest common factor of 48510 and 119592.
198
Calculate the highest common factor of 17402119 and 798.
133
What is the greatest common factor of 95 and 30901201?
19
What is the highest common divisor of 831285 and 5915?
455
Calculate the greatest common factor of 380311 and 9.
1
Calculate the highest common factor of 670 and 342638.
134
Calculate the highest common divisor of 28 and 241496136.
28
Calculate the highest common divisor of 1139341 and 880796.
581
Calculate the highest common divisor of 969557 and 10643.
29
What is the greatest common divisor of 1653 and 43893211?
551
What is the greatest common divisor of 516419 and 19159?
23
Calculate the highest common factor of 357867 and 7497.
153
Calculate the highest common factor of 684 and 19304133.
57
Calculate the highest common factor of 8851729 and 1432.
179
What is the highest common divisor of 84 and 628362924?
84
What is the highest common factor of 24320504 and 52?
52
Calculate the highest common factor of 5122 and 9915798.
394
What is the greatest common divisor of 393809930 and 510?
170
Calculate the greatest common divisor of 66 and 104098434.
66
Calculate the greatest common divisor of 3580 and 1948236.
716
Calculate the highest common factor of 81909072 and 49392.
